= 2*j**2 + 35*j - 22. What is the units digit of a(-26)?
0
Let j(h) = h**3 - 4*h**2 + 3*h - 4. Let r be j(3). Let w be r/(-34) - (-3420)/(-170). What is the units digit of (-312)/(-15) + (-4)/w?
1
Suppose 0 = 3*p - 20 - 112. Suppose -158 = -2*i - p. What is the units digit of i?
7
What is the tens digit of (-5169)/(-18) - 2*(-1)/(-12)?
8
Suppose -k + 148 = 28. Suppose -3*q = -4*q + k. What is the units digit of q?
0
Let w(p) = p**3 - 13*p**2 - 55*p - 21. What is the units digit of w(18)?
9
Suppose 3*r + 2*r + 1 = -4*t, r + 3*t + 9 = 0. Suppose -r*z - z = 412. Let f = -50 - z. What is the tens digit of f?
5
Let l(t) = 8*t - 2. Let v be l(1). Let i = 21 + v. What is the tens digit of i?
2
Let b = 10 + -12. Let j be 1548/44 + b/11. Suppose 0*i - i = -j. What is the tens digit of i?
3
Let r = 1003 - 677. What is the tens digit of r?
2
Suppose 135 = -2*v - g + 542, -4*v + 3*g = -799. What is the hundreds digit of v?
2
Let k = 209 + -111. Suppose 4*p - k = 34. What is the tens digit of p?
3
Let j = -263 - -298. What is the units digit of j?
5
What is the units digit of (568/(-12))/((-1)/((-27)/(-6)))?
3
Let r = -79 + 205. What is the hundreds digit of r?
1
Let f = 40 - 36. Suppose -i + 209 = f*o - 2*i, 44 = o - 3*i. What is the units digit of o?
3
Suppose 6*i - i = 4*t, 3*i + 13 = 5*t. Suppose -i*x - 12 = -0*x. What is the units digit of -1 - (-5 - (2 + x))?
3
Let b(d) = 2*d**2 + 18*d - 16. Let l be b(-10). Suppose p - l*p = -4*o + 592, -o - 4*p + 167 = 0. What is the tens digit of o?
5
Let x = -39 + 37. What is the units digit of (9 - -2) + -1 + 0 + x?
8
Let m = -34 + 7. Let v = m - -33. What is the units digit of v?
6
Suppose -1 - 11 = -3*s. Suppose 3*r = -q + 271, s*r - 142 = -5*q + 234. Suppose 0 = -4*b - 5 + r. What is the tens digit of b?
2
Let g = 12 - 9. What is the units digit of 80/g + 24/(-36)?
6
Suppose -5 = -s - 3*l, 3*s + 0*l - 3*l + 45 = 0. Let j be (-746)/(-8) - s/(-40). Let k = j + -61. What is the units digit of k?
2
Suppose j - 857 = 1262. What is the units digit of j?
9
Let r(s) = -3*s**3 - 21*s**2 + 5. What is the hundreds digit of r(-9)?
4
Let y = 604 + -286. What is the hundreds digit of y?
3
Suppose 10*w + 0 = 130. Suppose -w = -5*j - 2*b - 3, 5*j - 2*b - 10 = 0. What is the units digit of j?
2
Suppose 0 = -o - o + 8. Suppose -44 = -o*t + 2*t. Suppose 3*n - 105 = 3*j, t + 193 = 5*n + 5*j. What is the units digit of n?
9
Suppose 0 = -0*h - 3*h + 5*j - 15, -5*h + 12 = 4*j. Suppose -3*b - 22 = 5*k - 80, h = 2*b + 4*k - 42. What is the units digit of b?
1
Suppose 13*d = -2832 + 9085. What is the units digit of d?
1
Suppose -41 = 5*g - 1. Let y = 21 + g. Let j = y + 6. What is the tens digit of j?
1
Suppose -m + 38 = 4*w - 73, 4*w = 5*m + 117. Suppose -v - 2*v = -h + w, 0 = -5*h - 4*v + 121. What is the tens digit of h?
2
Suppose -7*a + 154 = 7*a. What is the tens digit of a?
1
Let y(o) = -150*o - 2. Let w be y(-1). Suppose -4*s + 4*m = -w, 4*m = -s - 0*m + 57. What is the tens digit of s?
4
Let h(k) = -2*k**2 + 4*k - 2. Let v be h(6). Let w be (82/2)/((-7)/(-14)). Let y = w + v. What is the tens digit of y?
3
Suppose 5*a - 2*a = 2*r + 8, 0 = 5*a - 4*r - 16. Suppose 3*t - 190 = -5*k + 4*t, 5*k - 2*t - 195 = a. What is the units digit of k?
7
Suppose 4*a = -8 + 4, -w + 11 = -5*a. Suppose v = w*v + p + 53, 65 = -5*v - 5*p. What is the units digit of (204/(-15))/(4/v)?
4
Let d(v) = -15*v + 186. What is the tens digit of d(6)?
9
Let s = -13106 - -19297. What is the tens digit of s?
9
Suppose -25*o = -11*o - 5908. What is the hundreds digit of o?
4
Let y(t) = -25*t**2 - 3*t - 2. Let i be y(-2). Let z = i + 190. What is the units digit of z?
4
Suppose 57*z = 52*z - 35. What is the tens digit of ((-25)/(-2))/(z/(-14))?
2
What is the tens digit of (-3)/2*((-3 - -9) + -98)?
3
Suppose -1007 + 8639 = 16*c. What is the hundreds digit of c?
4
Let m(d) = -d**3 - 4*d**2 + d + 12. Let c be m(-4). Let a(v) = 26*v + 54. What is the hundreds digit of a(c)?
2
Let l(b) = 5*b**2 - b + 3 + 5*b**2 - 3*b**2. Let w(t) = t**2 - 10*t + 2. Let u be w(10). What is the tens digit of l(u)?
2
Let k be 2 - (-8 + 4)/(1/105). Suppose -3*y + k = 104. What is the hundreds digit of y?
1
Let c(w) = 11*w + 17. Let v be c(-4). Let g = 55 + v. What is the units digit of g?
8
What is the thousands digit of (9 + 69)*220/15?
1
Suppose -4*z + 3*s - 11 = 0, -2*s + 4 = -6. Let i(y) = 66*y**2 - y. What is the tens digit of i(z)?
6
Suppose -9632 = -3*y - 11*y. What is the units digit of y?
8
Suppose t - 936 = -2*i - t, -i + 470 = 2*t. What is the tens digit of i?
6
Let w(r) = -r**3 + 19*r**2 - 9*r - 51. What is the units digit of w(15)?
4
Let p(l) = 10*l**2 + 6*l + 4. Let f be p(-3). Suppose -5*y + 174 = -f. What is the units digit of y?
0
Suppose -5*i = -5*h - 45, 8*i - 12*i - 5*h = 0. Let y(g) = 2*g**2 - 4 - 8*g + 0*g + 8. What is the tens digit of y(i)?
1
Suppose 7872 + 5628 = 10*n. What is the tens digit of n?
5
Suppose -358*l + 75 = -343*l. Let v(i) = 2*i. Let f be v(2). What is the units digit of 6 + (l - f/1)?
7
Let c(h) = -h**3 + 14*h**2 + 14*h + 14. Let f be c(15). Let i = f - -2. What is the units digit of 16/2 + i/1?
9
Let o = -1 + 745. What is the hundreds digit of o?
7
Suppose 0*y + 82 = y. Let l = -41 - y. What is the tens digit of 3 + l*1/(-3)?
4
Let b = -290 - -580. What is the tens digit of b?
9
Let m = -1 + 1. Let k = -336 - -340. Suppose m = 2*j - k*j + 40. What is the units digit of j?
0
Suppose 2*d = -3*c + 9886, 0*c + 2*c = 3*d + 6569. What is the thousands digit of c?
3
Let z(o) = -o**3 + 2*o**2 - 15*o + 10. What is the hundreds digit of z(-9)?
0
Suppose 47*d - 10*d = 33670. What is the hundreds digit of d?
9
Let q = -12 - -15. Let x be 4 - (q + 5/(-5)). Let d(j) = 27*j + 5. What is the units digit of d(x)?
9
Let h(o) = o**3 + 0*o**3 + 44 + 1 + 0*o**3. Let a be (3 - 0/(-2)) + -3. What is the units digit of h(a)?
5
Let r(f) = -6*f + 2. Let j = 42 + -43. What is the units digit of r(j)?
8
Suppose -18*s = -12*s - 5178. What is the units digit of s?
3
Let t(f) = -f - 8. Let v be t(4). What is the hundreds digit of (616/(-6) - (-4)/v)*-1?
1
Suppose 3*k + 41 = 4*p, 5*k + 51 = -2*p - 0*p. Let s(c) = 6*c + 15. Let n(g) = 6*g + 16. Let a(h) = -4*n(h) + 3*s(h). What is the units digit of a(k)?
7
Let q(s) be the second derivative of s**7/1260 - s**5/20 - s**4/3 + 6*s. Let c(v) be the third derivative of q(v). What is the units digit of c(-4)?
6
Suppose -682 = 47*m - 2562. What is the tens digit of m?
4
Let q(j) = -j**2 - j - 23. Let s be q(0). Let z = -1 - s. What is the tens digit of z?
2
Let t = -1079 - -1569. What is the hundreds digit of t?
4
Suppose -63*m + 66*m = 27. Suppose -2 + 5 = -3*r. Let w = r + m. What is the units digit of w?
8
Suppose -d + 14 = -4*l, d + l = -3*d + 5. Suppose t = d*p - 1, 5*t + 0*t + 5*p + 80 = 0. Let g = 19 + t. What is the units digit of g?
8
Let z = 106 + -73. Let q = z + 9. What is the tens digit of q?
4
Suppose -3*t = 3*q - 6249, 0 = 5*q - 3*t - 4896 - 5559. Suppose -7*x + q = 5*x. What is the hundreds digit of x?
1
Let m(b) = -148*b + 948. What is the tens digit of m(-9)?
8
What is the hundreds digit of 38/(-76)*(2 - 1)*-618?
3
What is the hundreds digit of (19 - -2652)/(((-3)/(-3))/1)?
6
Let y = 184 - -43. What is the tens digit of y?
2
Suppose -2*v + 273 = 2*u - 7*u, v - 4*u - 138 = 0. What is the hundreds digit of v?
1
Suppose 3*r - 2163 = -18*r. What is the tens digit of r?
0
Let g be 7*4/(-6 - -2). Let a(i) = 2*i + 10. Let m be a(g). What is the units digit of 9*m*3/(-6)?
8
Let x(a) = 1 - 1 + 19*a - 20*a. What is the tens digit of x(-12)?
1
Let s = 6340 - 4413. What is the tens digit of s?
2
Let a = 1665 - 1165. What is the tens digit of a?
0
Let m(l) = -l**2 + 8*l + 4. Let r be m(8). Suppose -r*s - t = -26, -3*t + 2*t = 3*s - 19. Suppose -8*c + 27 = -s*c. What is the units digit of c?
7
Suppose 4*z - 3*j = j + 1412, 1785 = 5*z - j. What is the units digit of z?
8
Let l = 1 + 22. Suppose -4*y + 35 - l = 0. Let f(u) = 3*u**3 - 4*u**2 + u - 3. What is the tens digit of f(y)?
4
Suppose 0 = 2*i - 10, 98*i - 8515 = -2*y + 93*i. What is the units digit of y?
5
Suppose -12 = -2*n + 8*n. What is the units digit of (n + 2/4*5)*38?
9
Suppose -193 = -4*a + 5*q, 19 = -3*q + 4. What is the tens digit of a?
4
Let c be (-7)/(-1) - (0 + 